of p(-2)?
1
Let r(i) = 53*i + 1564. What is the tens digit of r(49)?
6
Let t(b) = 3648*b + 2931. What is the thousands digit of t(3)?
3
Suppose s = 4*j + 1233, 85*s - 5*j = 86*s - 1269. What is the hundreds digit of s?
2
Suppose 17*p - 15*p = -2*u + 26, -4*p + 50 = 5*u. Suppose m - 1050 = -5*f, p*m + f = 17*m - 2111. What is the thousands digit of m?
1
Suppose 4*u + 4*p + 5 - 1 = 0, 5*p = 2*u - 26. Suppose -u*q - 181 = -4*q. What is the units digit of q?
1
Let f(g) = -14*g**2 + g - 19. Let k(q) = 5*q**2 + 7. Let a(b) = 4*f(b) + 14*k(b). What is the tens digit of a(-4)?
3
Suppose -5*h = 409 - 29. Let g = -119 - h. Let w = g + 73. What is the units digit of w?
0
Suppose 70*x = 72*x + 120. Let w = x - -501. What is the tens digit of w?
4
Let o be (-1)/(-4) + 73980/16 + 10. Suppose 5*d + 554 - o = 0. What is the tens digit of d?
1
Let k(h) be the third derivative of 25*h**4/12 - 11*h**3/3 + 6*h**2. What is the hundreds digit of k(6)?
2
Let s(t) = -t**3 - 3*t**2 + 6*t + 8. Let w be s(-4). Suppose 5*k + 0*a + 4*a - 1944 = w, -a = 4. What is the hundreds digit of k?
3
Suppose 0 = 5*j + r - 42329, 0 = -2*j + 2*r - 444 + 17378. What is the units digit of j?
6
Let g(q) = q**2 - 22*q + 120. Let k be g(12). Suppose -2*i + 4*t + 946 = k, -i - 5*t = -3*t - 477. What is the tens digit of i?
7
Let b(o) = 2*o**3 - 13*o**2 + 12*o - 52. Let z(x) = -6*x**3 + 40*x**2 - 37*x + 157. Let u(v) = 7*b(v) + 2*z(v). What is the hundreds digit of u(8)?
3
Let z = 157032 - 92999. What is the hundreds digit of z?
0
Suppose 0 = 5*p + 38 - 63. Let b be 21/(-35) - -3*6/p. Suppose -2*c = -b*o + 540, 29 = 2*o - c - 332. What is the hundreds digit of o?
1
Suppose 4*i = -j + 42249, -i - 29829 = 5*j - 241055. What is the hundreds digit of j?
2
Let u be 9*3/9*1. Suppose 5*h + 25 = 4*m, -5*m - 25 = u*h + 2*h. Suppose -3*r + m*v - 6 = 3*v, -r + 4*v + 13 = 0. What is the units digit of r?
1
Let z(d) = -8 - d**2 + 9 + 0*d**2 + 33*d + 3*d. What is the tens digit of z(18)?
2
Let s(j) = 2*j**2 - 2*j - 1. Let v be s(-1). Suppose 0 = -v*m + 5*b - 40, 0 = -5*m - 7*b + 2*b. What is the tens digit of -16*(m/(-20) + -5)?
7
Let g(r) = 27*r - 7. Let f be g(1). Suppose 2*v + 3*l = 274, 0*l = -5*l - f. What is the tens digit of v?
4
Let g be (52/(-12) + -3)/(2/72). Let t = 362 - g. What is the hundreds digit of t?
6
Let h(s) = s**3 - 5*s**2 + 20. Let r = 34 + -24. Let o be h(r). Suppose -o = -22*l + 12*l. What is the units digit of l?
2
Let a = -70 + 72. Suppose a*q + 0 = 2. What is the hundreds digit of q*(123 - 1) - (3 + -1)?
1
Let i(x) = 137*x**3 + 3*x**2 + 2*x. What is the units digit of i(4)?
4
Suppose 0 = -717*s + 769*s - 488904. What is the units digit of s?
2
Let x(z) = 2*z - 98 + 28 + 42 + 67. Let l(g) = g**3 + 6*g**2 - 4*g + 5. Let a be l(-7). What is the units digit of x(a)?
7
Let n(z) = 21*z**2 - 5. Let t be n(-4). Let a = -239 + t. What is the tens digit of a?
9
Suppose 5*w - d = -5*d - 9778, -2*w - 3900 = -4*d. Let z = w + 3513. What is the units digit of z?
9
Suppose 541 = s - 2249. What is the thousands digit of s?
2
Let o(y) = 42*y**2 - 36*y - 7. What is the tens digit of o(13)?
2
Suppose -d = -11 - 9. Let s be ((-36)/24)/((-6)/d). Suppose 0 = -s*m - m + 972. What is the units digit of m?
2
Suppose 3*k + 4*t + 0*t = 1699, -4*t = 4*k - 2264. Suppose 3*j - 1152 = 4*r - 6*r, -4*j - k = -r. What is the hundreds digit of r?
5
Suppose -2*z - 32 = -4*h - 0*z, 2*h = -4*z + 36. What is the hundreds digit of 30/(-4)*(-156)/h?
1
What is the units digit of 23/(-46) + (-2963304)/(-48)?
5
Let l(x) = 2*x**3 + 3*x**2 - 5*x + 4. Let n be l(2). Let r = 19 - n. What is the units digit of (-7 - -2)/(1/r)?
5
Let h be (5 - -2) + -1 + -13. Let p(u) = -57*u - 46. What is the hundreds digit of p(h)?
3
Let x(u) = -9*u - 35 - 256*u**3 + u - 9*u**2 + 257*u**3. What is the tens digit of x(12)?
0
Suppose -36*a + 90 = -18. Suppose -5*h - l + 266 = -585, -h - a*l = -159. What is the units digit of h?
1
Let y = 36 + -51. Let h = y + 22. What is the units digit of 7/(((-28)/(-16))/h)?
8
Let h(z) = 2*z**3 - 335*z**2 - 262*z - 297. What is the hundreds digit of h(169)?
1
Suppose -167 - 207 = -4*w - 13*w. Let i(s) = s + 1. Let t be i(1). Suppose t*g - w = -2*p, -p - 4*g + 0*g = -17. What is the units digit of p?
9
Let n(d) = 2674*d**2 - 23*d + 4. What is the hundreds digit of n(-2)?
7
Suppose 4*k - 5*o = 10033, -4*k + 3*o - 2521 = -5*k. What is the thousands digit of k?
2
Let j = 6799 - 4297. Suppose 4*h = -5*g + j, -3*h + 5*g = 3*g - 1888. What is the units digit of h?
8
Let a be (-8)/20 + 576/15. Let g(s) = -s**3 + 39*s**2 - 17*s - 5. What is the hundreds digit of g(a)?
7
Suppose 2*f = 3*b - 0*f - 59, -2*b - 4*f = -50. Suppose b*m = 4796 + 3436. What is the hundreds digit of m?
3
Suppose -70*z + 74*z - 3418 = 5*b, -855 = -z + b. What is the hundreds digit of z?
8
Let z(q) = 4*q - 46. Let y be z(5). Let a = -16 - -8. What is the tens digit of (16/4 + a)*y/8?
1
Let k(s) = -45*s**3 - 5*s - 55 - s**2 + 40 - 40*s**3. What is the units digit of k(-2)?
1
Let v be 8 - (-5 + -3 - -12). Suppose -2*l + 5*a + 3778 = 0, -12*l - v*a = -15*l + 5660. What is the tens digit of l?
8
Let s = -172 - -4868. What is the thousands digit of s?
4
Let b be -3 + (0 + 4 - -19) + -3. Let p be (-2)/b + 2/68*922. Suppose p*h - 31*h + 812 = 0. What is the hundreds digit of h?
2
Let g be ((-14)/3)/((-10)/(-15)). Let h = 52 + -50. What is the units digit of h*(-3)/6*g*7?
9
Suppose y = 5*m + 5904, -50*y + 53*y = 4*m + 17734. What is the hundreds digit of y?
9
Let v(f) = f**3 + 9*f**2 + 6*f + 2. Let s(b) be the first derivative of b**4/4 + 7*b**3/3 - 3*b**2 + 8*b + 14. Let h be s(-8). What is the tens digit of v(h)?
1
Suppose 0*v = -7*v + 33677. Suppose -y - 16*y = -v. Suppose -16 = 4*h, 4*n = 4*h + y + 229. What is the units digit of n?
4
Suppose 3 - 43 = -5*o. Let c be o*14 + (0 - 0). Suppose -2*z - 4*n = -0*z - c, 2*z = -5*n + 117. What is the units digit of z?
6
What is the units digit of 11137 - (-80)/8 - 0/(-1)?
7
Suppose -25*j - 6*j = -35*j + 62236. What is the ten thousands digit of j?
1
Let x(i) = 9*i - 45. Let p be x(6). What is the hundreds digit of p/(-12) - 17353/(-56)*2?
6
Let v = -9490 - -16239. What is the units digit of v?
9
Let v(o) = -o**3 + 14*o**2 + 13*o + 35. Let s be v(15). Suppose 0 = -n - s*k + 404, 2*n + 3*n + 4*k - 1999 = 0. What is the units digit of n?
9
Let p = -68 - -72. Suppose -12 = -8*y + p. Suppose -2*b + 4*i + 618 = 0, -y*b + 232 = -3*i - 386. What is the hundreds digit of b?
3
Let j(g) = 1665*g**2 + 16*g + 5. What is the hundreds digit of j(2)?
6
Let o = 8595 + -4668. Suppose 0 = 5*x + 4*y - o, -1483 = -5*x + 2*y + 2426. Suppose 5*k - 3*v - x = -4*v, -4*k + 3*v + 634 = 0. What is the hundreds digit of k?
1
Let l(r) = -104*r + 100. Let n be l(-34). Suppose -137*z = -143*z + n. What is the tens digit of z?
0
Let u = 17886 + -10729. What is the units digit of u?
7
Let t(v) = 5*v**2 - 165*v - 370. What is the thousands digit of t(51)?
4
Let b(s) = -25*s**2 + 30*s - 6. Let d be b(10). Let x = -1330 - d. What is the hundreds digit of x?
8
Suppose 2*j - 3*j - 1 = 0. Let o be (25/(-10))/((-1)/(-6)*j). What is the units digit of (-879)/(-5) - (-3)/o?
6
Let b(z) = 62*z**3 + 6*z**2 + 10*z - 3. What is the tens digit of b(5)?
4
Let b = 37 + -23. Suppose 2*f - 102 = -b. Suppose 0 = -2*t - 10 + f. What is the tens digit of t?
1
Let d = -104791 - -157608. What is the units digit of d?
7
Let n = -2347 + 6817. What is the thousands digit of n?
4
Let i be (-83884)/(-8) - ((-9)/(-6) + -3). Suppose 14*f - 12417 = i. What is the thousands digit of f?
1
Let h(n) be the first derivative of -25*n**2 + 186*n - 234. What is the tens digit of h(-29)?
3
Let x(c) be the first derivative of 3*c**2/2 - 16*c - 20. Let q be x(6). Suppose 2*y - 13 = -3*l, -4 = y + 3*l + q*l. What is the units digit of y?
1
Suppose -2 = -3*s + 4. Suppose 0 = 8*t - 28 + 4. Suppose 5*c - 179 = -t*l + l, 2*l - 182 = -s*c. What is the tens digit of l?
9
Let w(d) = -12*d + 31. Let x be w(3). What is the units digit of 6/x + (-26060)/(-50)?
0
What is the hundreds digit of (-3)/((1 - -2) + (-2118240)/706048)?
0
Suppose 4*n - 23 = 1. Suppose 67 = n*g - 197. What is the units digit of g?
4
Let q = 129 + -129. Suppose q = -y - 5, -4*n = -3*y - 259. Let s = 63 - n. What is t